Is v a composite number?
False
Let p be -3 + (20059 - (-2 - -6)). Is 4/34 - p/(-68) composite?
True
Let q(j) = -2*j**2 + 10*j - 6. Let c be q(6). Let t = c - -25. Let w(a) = a + 3. Is w(t) a prime number?
False
Suppose -2*h + 3*o + 89 = 0, 2*h = o + 6 + 73. Is h prime?
True
Suppose 0*q - n = -3*q + 961, -3*n - 331 = -q. Is q a prime number?
False
Let h be (-2 + 3 - 1)*-1. Suppose a - 6*a + 36 = m, -3*a = h. Let r = -14 + m. Is r a composite number?
True
Let n(f) = 6*f - 1. Let m be (3 - 1)*30/2. Suppose -t - 2*t + m = 0. Is n(t) prime?
True
Is -2*1/3*-3 composite?
False
Let b(h) = -h + 8. Let k be b(0). Suppose 3*f = 4*u - 8, u - k*f + 4*f - 2 = 0. Let y(t) = 5*t**3 - 2*t**2 + t + 1. Is y(u) a composite number?
True
Let o(f) = 2*f**3 + 5*f**2 + 6*f + 8. Is o(5) composite?
True
Let x(u) = -52*u. Let r be x(-1). Let g be 5/(-25) - r/(-10). Suppose -2*t + 105 = g*m, 0*t = -5*m + t + 120. Is m prime?
True
Let c(q) = q**3 - 9*q**2 - 9*q - 8. Let r be c(10). Let w be (-4)/(-2)*6/4. Is ((-53)/r)/(w/(-6)) prime?
True
Suppose 0*h - 81 = -3*h. Let v = -19 + h. Suppose -4*s = 5*a - 36, a - 4 = -v. Is s prime?
False
Let n = 191 - 112. Is n prime?
True
Suppose -238 = 12*n - 14*n. Is n a composite number?
True
Suppose p + 1 = 6*p - 2*t, -3*p - 6 = t. Let c(s) = -19*s**3 + s + 1. Is c(p) composite?
False
Let b = 250 - 75. Suppose 5*m - b = -4*p - p, -2*p + 2*m = -82. Is p composite?
True
Suppose 0 = -3*c + 4*k + 1 - 5, -5*k = -3*c - 8. Is 2/8 + 627/c prime?
True
Let d(t) = 13*t - 36 + 65 - 29. Let p be 2/(-2)*2/(-2). Is d(p) prime?
True
Suppose 0 = 4*j + j + 3*h - 25, 5*h - 15 = -5*j. Is 3 - 10*(3 - j) composite?
False
Suppose 3*z = 2419 - 334. Let q = z + 775. Suppose -c + 5*c = -j + q, 2 = j. Is c prime?
True
Let t(f) = -11*f - 4*f**2 - 2 + 41*f - 8. Let j(r) = -r**2 + 10*r - 3. Let q(n) = -7*j(n) + 2*t(n). Is q(-7) a prime number?
False
Let g(s) = s**2 + 719. Is g(0) a prime number?
True
Suppose -4*q = -3520 + 180. Is q a composite number?
True
Suppose g - 5*g + 34 = a, 67 = 3*a + 5*g. Suppose -5 = -5*z - p, -3*p = 1 + a. Suppose 2*k - 4*f = 34, -4*k + z*f = -9*k + 73. Is k composite?
True
Suppose -5060 = 4*v - 37216. Is v prime?
True
Suppose r + r + 2*h = 12, -3*r + 2*h = -18. Is r a prime number?
False
Let m = -464 - -1095. Is m a composite number?
False
Let m(n) = 37*n**2 + 7*n - 1. Is m(-5) a composite number?
True
Let j(q) be the first derivative of -11*q**3/3 - 3*q**2/2 - 1. Let u be j(3). Let s = -73 - u. Is s a composite number?
True
Suppose -2*j + 629 = 5*s, -2*j = -s - 6 - 629. Is j a prime number?
True
Suppose 4*m = 5*a - 4487, -3*m + 3 = -3. Is a a composite number?
True
Let b(s) = -8*s - 13. Suppose 0*y - y - 12 = 0. Is b(y) composite?
False
Let u(r) = -5*r**3 + 2*r**2 + r + 7. Is u(-3) a prime number?
True
Let u(y) = 16*y**3 + y**2 - 2*y - 1. Let m be u(-2). Let q = m - -218. Is q a prime number?
True
Let v(n) = -2*n**3 - 4*n**2 - 3*n - 1. Let a be v(-2). Suppose -585 = -0*u + a*u. Is (-8)/20 + u/(-5) prime?
True
Suppose 21*i = 17*i + 2060. Suppose g + 4*q - i = 2*q, -3*g - 4*q + 1551 = 0. Is g a composite number?
False
Let p = -10 + -184. Let k = p - -289. Is k composite?
True
Let m = 0 - -2. Suppose -2*p = 5*g + 72 + 38, -m*g - 5*p - 65 = 0. Is ((-11)/4)/(1/g) prime?
False
Let u(f) = 5*f**3 - f**2 + f + 1. Let a be u(-1). Let i(o) = -o - 6. Let s be i(a). Suppose 0 = 2*z + y - 281, s = -z + 2*z + 4*y - 123. Is z composite?
True
Let t(y) = y - 7. Let f be t(8). Let q = 4 - f. Suppose -6 = -q*x + 6. Is x composite?
True
Let t(a) = 21*a**2 + a - 4. Let x be t(3). Suppose -5*l = -l + 20, f + x = -l. Let n = 344 + f. Is n a prime number?
False
Suppose -2*k - 42 = 4*f, -3*k + 0*f = -3*f + 27. Let h = k - 49. Let u = -27 - h. Is u a composite number?
True
Let g = -75 - -130. Suppose -r - g = -6*r. Is r a prime number?
True
Suppose -5*r + 11 = -q - 12, 2*r = 3*q + 4. Let s = r + -4. Is 78/s - 6/6 prime?
False
Let j be (21/(-14))/(1/(-2)). Suppose 2*y - 232 = 2*v, -v - 343 = -3*y - j*v. Is y a composite number?
True
Suppose 3*w + 15 = 3. Let k be 1 - w/(6/3). Suppose -68 = -k*i + 5*t, -i + 14 = 2*t - 16. Is i composite?
True
Suppose 5*v = y - 1186, 0 = 2*y + 2*y + 3*v - 4675. Is y a composite number?
False
Let w = 14 + -17. Is -1 + 255 + 2 + w a prime number?
False
Let m = 2475 - 1730. Is m composite?
True
Let p(g) = -48*g + 8. Let d be p(4). Suppose -4*l - 363 = 3*n, 0*l - 375 = 4*l - n. Let s = l - d. Is s a prime number?
False
Suppose -7*j + 12744 = 1943. Is j composite?
False
Suppose 0 = -2*d + d + 20. Is (44/5)/(8/d) prime?
False
Let j = 35 - 19. Let u = j - -3. Suppose 4*y - 5*o + 32 = 8*y, 0 = -3*y - 5*o + u. Is y a prime number?
True
Let x(c) = c**3 + 12*c**2 - 12*c + 1. Let b = -4 - 8. Is x(b) a composite number?
True
Suppose 2*i + 177 = 761. Suppose -i = 5*m - 777. Is m composite?
False
Let p(m) = -12*m + 1. Let a(i) = i. Let h be a(-3). Is p(h) prime?
True
Let i(b) = 199*b**2 - 7*b + 13. Is i(3) a composite number?
False
Let n(f) = -9*f - 68. Let j be n(-17). Suppose -30 = m - 4. Let l = j + m. Is l a prime number?
True
Let k = 509 + 42. Suppose -y + 5*c + 315 = 0, 0 = 4*y + 4*c - 1715 + k. Is y a prime number?
False
Let u be 43/(-5) - 3/(-5). Suppose 3*d - 486 = 5*f, 3*f = d - 0*d - 294. Let n = u - f. Is n prime?
False
Let b = 184 + -91. Suppose 4*l - 50 - b = -h, -h + 4*l = -119. Is h prime?
True
Let b(g) = -3*g - 3. Let s = 10 - 6. Suppose -l - s = l. Is b(l) prime?
True
Let r(l) be the third derivative of -7*l**4/8 - l**3 + 2*l**2. Is r(-7) composite?
True
Let c(n) = n - 5. Let a be c(-4). Is 582/a*(-6)/4 composite?
False
Suppose 0 = u - 5*u - 532. Let s = u - -186. Is s a prime number?
True
Suppose 0 = -n - 3 + 576. Is n a composite number?
True
Let n be (3 - 3) + 1 + 16. Is (n/(-4))/((-3)/24) a prime number?
False
Let n(v) = -v**2 + 6*v - 8. Let f be n(4). Suppose -2*w + 0*t + t + 323 = f, -160 = -w + t. Is w a prime number?
True
Suppose 5*i + 30 = x - 0*i, 30 = 4*x - 2*i. Suppose z = 3*q, x*q + 11 = -0*q - 2*z. Is -4 - -6 - q/1 a composite number?
False
Suppose -3*c - 15 = -5*l - 5*c, 5*c = 0. Suppose -277 = -l*u + 464. Is u a composite number?
True
Suppose 0*y + 2*y - 802 = 0. Is y a composite number?
False
Let k = 103 + 270. Is k a composite number?
False
Let j(w) = w - 1. Let n = 5 - 3. Let d be j(n). Suppose 0 = u - 5*y + d, -26 + 91 = 4*u + 3*y. Is u a composite number?
True
Let t = 2302 + -1515. Is t a prime number?
True
Suppose 2*k = -6, -m + 0*m + 4 = 4*k. Let d = 42 - m. Is d a prime number?
False
Let c(q) = -18*q**2 + 5*q + 13. Let n(o) = -9*o**2 + 3*o + 7. Let m(l) = -3*c(l) + 5*n(l). Is m(3) prime?
False
Let z(j) = j**3 - 6*j**2 - 8*j + 3. Let h be z(7). Let q be (-16)/(-6) - h/(-6). Suppose q*p = -p + 57. Is p prime?
True
Let d be 110 - (-5)/(5/(-3)). Suppose h - d = b + 2*b, 573 = 5*h + 4*b. Is h prime?
True
Suppose -5*p = -11 - 29. Let c be p/1 - 3 - 1. Suppose -c*x + 97 = -275. Is x a composite number?
True
Suppose 11*t = -1342 + 9141. Is t prime?
True
Let k = -14 - -18. Suppose k*d = 3*v + 1885, -3*d + 1413 = -3*v + v. Is d a prime number?
False
Is ((-538)/4)/((-10)/20) composite?
False
Suppose 0*t + 3*i = -5*t + 29, -2*t + 14 = 2*i. Let z(m) = 3*m**2 - 2*m + 0 + t*m + 5 - 3*m. Is z(-5) a composite number?
True
Let a = -1 + 6. Suppose a + 1 = -3*p. Let m(h) = -4*h - 2. Is m(p) composite?
True
Is (-3)/9 + (-336)/(-9) a prime number?
True
Let k be 2/9 + (-86)/(-18). Suppose -k*t = -3*o + 1329, o = -0*t - 3*t + 443. Is o composite?
False
Suppose -q + 3*h = 2, 3*h - 3 = 2*q - 5. Is (59/q)/(3/60) composite?
True
Suppose 1664 = 5*n - 3*d, 4*n - 674 = 2*n + 4*d. Is n a composite number?
False
Let l be (-2)/1*(-2)/4. Let n be (2 + -15)/(l/(-3)). Is (10/3)/(2/n) prime?
False
Let k = 8 + -187. Let j = k + 472. Is j composite?
False
Let b = -139 - -288. Is b composite?
False
Suppose 5*b + 0 + 9 = -h, -6 = -2*b + 2*h. Let u be 1 + -3 + b + 1. Is ((-60)/(-16))/(u/(-8)) prime?
False
Suppose -2*k - 2*c + 2 = -2, 5*c = 0. Suppose g - k = 0, 2*s - g - 4*g + 4 = 0. Let a = s + 1. Is a a prime number?
False
Suppose -2*p = -5*p - 3*l + 465, 0 = -3*p + 2*l + 475. Is p a composite number?
False
Let m(i) = i + 3. Let d be m(-2). Suppose 2*v + 4 = -a + 5*a, v - a = -d. Let l = v + 7. Is l prime?
True
Let j(h) be the second derivati